What is the remainder when -1*1 - (-77 + 12) is divided by 13?
12
Suppose 0 = -3*l + 3*b + 75, 3*l - b - 34 = 35. Let u(h) = -3 - 29*h + 2 + 29*h + h**2. Calculate the remainder when l is divided by u(3).
6
Suppose 5*z = z + 8. Suppose -2*s + 0 = z. Let g = s - -3. Calculate the remainder when 3 is divided by g.
1
Let r(c) = 38*c - 5. Let b be r(5). Suppose -5*h + b = -0*a + 5*a, h + 31 = a. Calculate the remainder when a is divided by 9.
7
Calculate the remainder when 314/4 + 11/22 is divided by 21.
16
Suppose 0 = -3*r + 3*n - 12, 0 = 5*r + 4*n - 36 + 11. Suppose f = 2*k + 4, 7*f - 2*f = 3*k + 13. Let d = r - k. What is the remainder when 2 is divided by d?
0
Let v(h) = h**3 + 7*h**2 - 8*h + 21. What is the remainder when 60 is divided by v(-8)?
18
Suppose -3*n - 3 = 6, 0 = -3*y + 2*n + 12. Suppose 4*i - 22 = 5*p, -3*i + i + 10 = -2*p. What is the remainder when i is divided by y?
1
Suppose 3*y = 6*y. Suppose 2*j - n - 166 = y, n - 43 + 127 = j. Suppose -t = -5*v + j, 5*v - t = 2*t + 86. What is the remainder when 46 is divided by v?
14
Suppose 4*d + 3*p - 9 = 0, 3*p + 13 = 4*d + 2*p. What is the remainder when 42 is divided by ((-2)/d)/((-20)/450)?
12
Suppose m - 27 = -2*m. Suppose -s - 28 = -4*v - 2*s, -5*s = 0. Suppose 100 = -3*o + v*o. What is the remainder when o is divided by m?
7
Suppose -3*s = 4*m + s + 20, 2*m - 4*s - 14 = 0. Suppose -5*p = w - 4*w - 48, 2*p + 3*w - 36 = 0. Let j = p - m. What is the remainder when 37 is divided by j?
11
Let k(x) = 2*x**3 - 9*x**2 - 10*x + 5. Let p be k(7). Suppose -2*h + p = -h. Suppose -476 + h = -4*r. What is the remainder when r is divided by 25?
24
Let o be 28/21 - 2/(-3). Suppose -3*v + 5*t + 32 = 0, o*v - v - 14 = 5*t. Calculate the remainder when 17 is divided by v.
8
Suppose -4*z = 2*w - 61 + 15, 3*z - 108 = -5*w. What is the remainder when w is divided by 18?
3
Let t be 4*((-21)/(-6) - 3). Suppose 7*w + 3*y - 36 = 3*w, -w - t*y = -4. What is the remainder when 21 is divided by w?
9
Let v(j) = j**3 - 2*j**2 - 2. Let u be v(3). Suppose -i + u = 4. Calculate the remainder when 37 is divided by 40/i - (-1)/(-3).
11
Suppose -k + 2*m = -2 - 2, 2*k - 3*m - 13 = 0. Suppose 4 + k = 3*r + 3*j, r - 5*j - 12 = 0. Calculate the remainder when 20 is divided by r.
6
Let x(g) = -g**3 + 5*g**2 - 5*g + 14. What is the remainder when 23 is divided by x(4)?
3
Let x = 70 + -42. Suppose w + 2*s = 0, 2*w + 3*s + 2 = 4. Calculate the remainder when x is divided by 12 - (w + -2 + 0).
8
Suppose 59 = -q - 3*l, -l = 2*q - 6*l + 85. Suppose -g - 511 = 4*g - 2*k, 4*g + 3*k + 418 = 0. Let b = q - g. Calculate the remainder when b is divided by 18.
17
Calculate the remainder when (3 - 30/9)*-201 is divided by 10.
7
Suppose -2*f + 2 = -f. Suppose 7*v - 80 = f*v. Calculate the remainder when v is divided by (-72)/(-4)*(-1)/(-2).
7
Suppose -5*p + 2*r + 27 = -2*p, -4*r = -5*p + 45. What is the remainder when 52 is divided by p?
7
Suppose -2*d - 650 = -7*d. What is the remainder when d is divided by 44?
42
Let w = 104 - 48. Calculate the remainder when w is divided by 19.
18
Let g be ((-3)/(-1))/3 - -1. Let o = g - 4. What is the remainder when (-1 + o)/((-3)/16) is divided by 9?
7
Let g(j) = -6*j - 2. Let y be g(-11). Suppose -4*b = -0*b - y. What is the remainder when 45 is divided by b?
13
Let d(f) = f - 7. Let x be d(8). Suppose -i = -5 + x. Calculate the remainder when 9 is divided by i.
1
Suppose -6*g = -2*o - 2*g - 12, -7 = 2*o - 3*g. Suppose 0 = o*a + 11 + 1. What is the remainder when (-4)/12 + (-70)/a is divided by 13?
10
Suppose 0 = -5*h + 270 + 65. Let i = h + -36. Let d = 160 - 149. Calculate the remainder when i is divided by d.
9
Suppose 2*h + 2 = 2*r - 2*h, 2*r + 3*h = 9. Suppose -5 - r = -4*y. Suppose -q + 4*d = -24, y*q - 3*q - 5*d = 21. What is the remainder when 7 is divided by q?
3
Let l(p) = -4*p - 7. What is the remainder when 102 is divided by l(-5)?
11
Let t be 4*(-2 + 5 - 2). Suppose 44 = t*f - 3*q, 5*q = 16 + 4. Suppose -u + 0*u = -f. Calculate the remainder when 26 is divided by u.
12
Let u(p) = p**2 + 6*p. Suppose v + 4 = -r, -16 = -r - v - 4*v. Calculate the remainder when u(r) is divided by 15.
12
Let m be 3*-1 - (-202)/(-2). Let g = 173 + m. What is the remainder when g is divided by 18?
15
Let d(w) = -39*w**3 + w**2. Let f(k) = 2*k**2 + 5*k - 5. Let q be f(5). Suppose 5*o + 0*o - q = 0. Calculate the remainder when d(-1) is divided by o.
12
Let g = 7 + 0. Let n(k) = -k**2 + 9*k. Suppose 0 = -5*x - 5*o + 190, 4*x - 5*o - 151 = -10*o. Calculate the remainder when x is divided by n(g).
11
Let p(y) = -y - 4. Let b be p(-4). Suppose -3*g + 4*g = b. Suppose 2*h + h - 15 = g. What is the remainder when 13 is divided by h?
3
Let v be (4 - 2 - 4) + 16. Calculate the remainder when v + 1 - 3/(-3) is divided by 6.
4
Suppose 4*q - 15 - 9 = 0. Calculate the remainder when q is divided by 2.
0
What is the remainder when 82/((-10)/(-2)*10/25) is divided by 22?
19
Let r be 9/(-6)*(-50 + 0). Suppose 10 = 5*b - r. What is the remainder when 49 is divided by b?
15
Suppose 1 + 9 = 2*r. Suppose 0*n = -r*n + 25. Suppose 0*y + 4*y = 32. Calculate the remainder when y is divided by n.
3
Let b = -23 + 23. Suppose q - 5*y = 2*q - 7, b = -2*y. What is the remainder when 20 is divided by q?
6
Suppose 3*a + 3*b - 158 = -b, -5*b = 5*a - 265. Calculate the remainder when 268 is divided by a.
52
Suppose -h - 31 = -0*h. Let s = -21 - h. What is the remainder when 29 is divided by s?
9
Suppose -x + 12 = 2*x. Let r(a) = -2*a - x + 7*a**2 + 6*a**3 - 4*a**3 + 3 - 3*a**3. Calculate the remainder when 68 is divided by r(6).
22
Let s be (-18)/(-15)*(-40)/(-6). What is the remainder when s/(-6)*(-1062)/12 is divided by 30?
28
Let i be 19 + (-1 + 2 - 4). Let l = 32 - i. Calculate the remainder when 61 is divided by l.
13
Let p(d) = -5*d + 6*d + d + 4. What is the remainder when p(5) is divided by 5?
4
Let p = -2 - -6. Suppose -9 = -5*u + 3*c, 0 = -4*u - p*c + 26 - 6. Let a(t) = -8*t - 8. Calculate the remainder when a(-2) is divided by u.
2
Suppose 5*g = 10, 4*g = -2*m - 0*g + 316. Calculate the remainder when m is divided by 26.
24
Let r(w) = w**3 - 4*w**2 - 8*w + 21. Calculate the remainder when 47 is divided by r(5).
5
Let i(v) = 18*v - 2. Calculate the remainder when 376/6 + 2/(-3) is divided by i(1).
14
Let s(t) = -t**2 - 12*t - 15. What is the remainder when s(-7) is divided by 7?
6
Let y(w) = w. Let z be y(0). Suppose -4*s = -4, -4*h - 2*s = -4*s - 42. Let b = h + z. What is the remainder when 21 is divided by b?
10
Let m = -6 - -8. Suppose -4 = -2*c - 0*c. Calculate the remainder when m is divided by c.
0
Suppose 2*d = 3*q + 58, q + 126 = 5*d + 3*q. Calculate the remainder when d is divided by 14.
12
Suppose 0*k = 4*y + 4*k - 332, k + 347 = 4*y. Calculate the remainder when y is divided by 26.
8
Let x = 4 + 9. Calculate the remainder when x is divided by 4.
1
Let x(u) = 19*u + 29. Calculate the remainder when x(4) is divided by 36.
33
Let x(k) = 2*k - 4*k + 5 + 2. Calculate the remainder when 37 is divided by x(-3).
11
Let o(w) = 10*w**2 + w - 16. What is the remainder when o(4) is divided by 40?
28
Let c(k) = 17*k - 2. Calculate the remainder when c(2) is divided by 18.
14
Let h = -57 + 108. Calculate the remainder when h is divided by 13.
12
Suppose -19 = 5*n - 104. What is the remainder when 33 is divided by n?
16
Suppose 5*o + 167 = 592. Suppose -3*k = -w + o, 2*k + 89 = 3*w - 159. What is the remainder when w is divided by 21?
19
Suppose 0 = a - 45 + 14. Let i = -29 + 40. What is the remainder when a is divided by i?
9
Let q = 7 + 1. Suppose -3*j - 15 = -q*j. Suppose 0*g - 3 = -3*i + 5*g, -5*i + j*g + 21 = 0. Calculate the remainder when 11 is divided by i.
5
Suppose 3*q + 5*o + 19 = -0*q, 3*q - 2*o = 16. What is the remainder when 30 is divided by (-33)/q*8/(-12)?
8
What is the remainder when 2*(-159)/(-18)*3 is divided by 14?
11
Let k be -4 + (2 - 1)*3. Calculate the remainder when 18 is divided by -3*k*10/6.
3
Let s(h) = 39*h**2 - 5*h - 4. Calculate the remainder when s(-1) is divided by (-62)/(-3) + (-1)/(-3).
19
Suppose -d + 9 + 0 = 0. What is the remainder when 26 is divided by d?
8
Suppose 5*u - 4*l + 3*l + 21 = 0, -u - 1 = 3*l. Calculate the remainder when 908/36 - u/(-18) is divided by 9.
7
Let o = -30 + 44. 